e
Suppose -2*z - 3*z = 0. Let q(k) be the third derivative of -k**4/24 + 119*k**3/6 + 1003*k**2. Is q(z) a composite number?
True
Suppose 0 = 114*h - 5545396 - 8833086 + 5215504. Is h a prime number?
False
Suppose 0*z + z = 0. Suppose z = h + 6708 - 34378. Suppose -j - h = -11*j. Is j prime?
True
Let w(z) = 809*z**3 + 14*z**2 + 2*z + 44. Is w(7) composite?
True
Let a = -218 + 323. Let b = -45 - -63. Let r = a - b. Is r a prime number?
False
Let f(c) = 130*c**2 - 23*c + 81. Let q(i) = -131*i**2 + 22*i - 82. Let b(s) = -3*f(s) - 4*q(s). Is b(4) prime?
True
Suppose -v - 3*v + 20 = -2*j, -4*j - v - 67 = 0. Let f(c) = -c**3 - 17*c**2 + 16*c + 16. Let x be f(j). Let w = x + 3203. Is w composite?
False
Let l(z) = 13 - 16 - 3*z**2 + 0*z**3 - 2*z + z**3. Suppose 0*i + 10 = 2*i - 5*d, -i + 6 = -2*d. Is l(i) prime?
True
Suppose 93 = -0*m + 3*m + n, -3*n = -4*m + 111. Suppose -10*f = -m*f + 5180. Is f a composite number?
True
Let f(u) be the second derivative of -65*u**3/2 + 6*u**2 + 5*u. Let b be f(3). Let h = 1022 + b. Is h a prime number?
True
Let x(j) = 2*j**2 + 21*j - 5. Let f be x(-11). Suppose -6*p = -f - 6. Suppose 4*g - 7*y = -p*y + 1492, y = 4*g - 1492. Is g a prime number?
True
Suppose -15*s - 7*s = 154. Is s + 1221 + 1 + 2 + 0 prime?
True
Suppose -6*s + s + 1155515 = -2*q, 69*q = 76*q. Is s prime?
False
Let w be 69 - 56 - (5 + 0). Suppose m + 3*s = w*s + 3562, -14224 = -4*m - 4*s. Is m a composite number?
False
Let u(c) = -8*c - 5*c**2 - c**3 + 8 - 3*c - 32 + 3*c**2. Let b be u(-7). Let s = b - 141. Is s composite?
False
Let s(r) = -83*r**2 - 46*r + 7. Let z be s(8). Let a = -19030 + 27318. Let i = z + a. Is i a prime number?
False
Let h(y) = -102*y**3 - 7*y**2 - 77*y - 13. Is h(-24) a composite number?
False
Suppose -4*l - 4*d + 1176 = 0, -5*l + 3*l = 5*d - 585. Let v = 546 - l. Is v prime?
True
Let k(g) = -3*g**3 + 60*g**2 - 71*g + 17. Is k(11) composite?
False
Let g = 104 + -109. Is (g - 2562/4)*-2 a prime number?
True
Let w(l) = -3*l**2 - 3*l**3 + 1 - 4*l**2 + 6*l**2 - 3*l**3. Let d be w(-1). Is (-1)/d + 2 + 24172/24 composite?
False
Suppose 3*k + 3*l = 776586, -482701 + 1518122 = 4*k - 5*l. Suppose -413*q - k = -430*q. Is q composite?
False
Let h(m) = -15*m - 50. Let r be h(-4). Is 11/(165/231141) + (-4)/r a composite number?
True
Let i = 10252 + -6877. Suppose -7*x = -3*d - 3*x + 2027, -5*x = -5*d + i. Is d composite?
False
Let k(d) be the second derivative of 109*d**3/3 + 3*d**2/2 - 33*d. Let c be k(1). Let w = c + -99. Is w prime?
False
Suppose -4*x + 3*k = 27, -5*k + 14 + 5 = 2*x. Let o(v) = -64*v**3 - 5*v**2 - 3*v + 1. Is o(x) composite?
False
Let z(r) = -9*r - 16 - 7*r**2 - 5*r - r**3 + 17*r. Is z(-15) a prime number?
False
Let h = -934 + 1018. Suppose -h*z = -108*z + 193128. Is z prime?
False
Suppose -3*w = -8*w - 55. Is (-4703 + w)*((-6)/(-4))/(-3) a composite number?
False
Suppose 0 = -c - 2*a - 10691, -3*c + 7*c = 2*a - 42724. Let g = -1430 - c. Is g composite?
True
Let w = 1359908 + -593214. Is w a prime number?
False
Let c(o) = 40 - 8 + 12*o + 48*o + 0. Let j be c(13). Suppose m - 503 - j = 0. Is m a prime number?
False
Let i(t) = 66 + 5*t**2 - 38 - 6 + 3*t**2 - 45*t. Is i(-27) composite?
False
Let f = -14668 - -26247. Is f composite?
False
Let p be 7/2 - (-3 + 20/8). Suppose p*b + 7199 = -3*t, b + 485 = t + 2894. Let c = t - -4974. Is c a composite number?
True
Suppose -3*m - 4*t = -15875, 4*m - 4*t + 1880 = 23084. Is m a prime number?
True
Let m = 2970476 + -1562509. Is m a prime number?
False
Let h = -427943 - -784870. Is h a prime number?
True
Let c = 120790 - -101119. Is c a composite number?
False
Suppose -10*p - 35 + 5 = 0. Let t be 9970/5 + p*8/12. Let m = t - 1279. Is m prime?
False
Suppose 2*h - 5*x = 9, 3*x - 12 = -4*h + 7*x. Suppose r + h*p = 23115, r - 5*p = 4792 + 18330. Is r composite?
False
Let m be 1373880/140 + 8/14. Let j = 25121 - m. Is j composite?
False
Suppose 3*a + 17 = -2*m, 31 = -10*m + 6*m - 5*a. Is (-2798)/m*(9 + -7) a composite number?
False
Suppose 61*d - 90 = 71*d. Is ((-162)/(-9))/d + 10995 prime?
True
Is -1*4556498*(8 + (-391)/46) a prime number?
True
Suppose -2*q = -h - 859323, 1628464 + 90157 = 4*q + 3*h. Is q composite?
False
Suppose -4*i + 23 = -5*n, -7 - 6 = i + 5*n. Suppose 2*l - 132 = -i*l. Is l*-2*(-69)/18 a composite number?
True
Let c be (-3 + 1 + 10)*1. Let o be 14340/c - ((-6)/4 - -2). Suppose -5*s + 5*x = -s - o, 894 = 2*s - 2*x. Is s prime?
True
Let m(f) = -23 + 27*f - 6*f + 3*f**2 - 34 - 14*f. Is m(-17) prime?
True
Let b(a) = 6210*a**3 - 7*a**2 + 6*a - 1. Is b(2) a prime number?
True
Let p(y) = 28*y**2 + 13*y + 33. Let l(k) = 14*k**2 + 6*k + 17. Suppose -3*n - 35 = n + 3*s, -5*s - 20 = -n. Let v(w) = n*l(w) + 3*p(w). Is v(-5) a prime number?
False
Let t(j) = 4*j - 83. Let f be t(22). Suppose -3*a + f*g - 4942 = -6*a, 0 = -5*a - g + 8244. Is a composite?
True
Let d be (7389/(-36))/((-2)/112*-7). Suppose -4*x = -0*x - 32. Is 14/(-1 + x)*d/(-4) a prime number?
True
Let x(y) = -y**3 - 4*y**2 - y + 6. Let b be x(-2). Suppose 43*u - 16498 - 78231 = b. Is u composite?
False
Let i = -58821 + 98314. Is i prime?
False
Suppose 0*y + 2*y - 615 = -3*z, 5*y = 2*z - 429. Let d = 191 + z. Is d/(-4 - (-46)/11) prime?
False
Let q be (1*(-2 + 3))/(-1). Let x(s) = s - 1. Let m(h) = 82*h - 25. Let j(p) = q*m(p) + 5*x(p). Is j(-9) prime?
False
Suppose -28420630 - 12597701 = 193*v - 244*v. Is v composite?
False
Let f(a) be the first derivative of 170*a**3/3 + 13*a**2/2 - 11*a + 86. Is f(8) prime?
True
Let v(o) = -o**3 + 2*o**2 + 5*o + 1. Let t be v(6). Let z = 111 + t. Is (3291/(-12))/(z/8) a prime number?
True
Suppose -10*s - 12*s = -121308. Is ((-168)/72)/((-2)/s) composite?
True
Suppose -99*w + 43280618 = -23211049. Is w composite?
False
Let j be 19/(-5) + (3 + -2)/(-5). Let l(s) = -2*s**3 - 3*s**2 + 5*s + 8. Let c be l(j). Let u = 809 + c. Is u a prime number?
True
Let a(l) = -4*l**2 - 56*l + 86837. Is a(0) a composite number?
False
Suppose 4*a = -d + 9002544, -55*d + 4501262 = 2*a - 57*d. Is a a composite number?
True
Suppose 0 = 5*b - 13 - 32. Let u(d) be the first derivative of 111*d**2/2 - 16*d - 2471. Is u(b) composite?
False
Suppose 513198 = -25*w + 6933323. Is w a composite number?
True
Let g(n) = n**3 - 5*n**2 - 5*n - 6. Suppose -4 = -2*l + 8. Let q be g(l). Suppose 2*c - r = -0*c + 656, -5*c + 4*r + 1637 = q. Is c a prime number?
False
Let o(b) = 6*b + 32. Let z be o(0). Suppose 5*w + 3*w - z = 0. Suppose 0 = 4*x - 2*p - 2444, -1218 = -2*x - 2*p + w*p. Is x a prime number?
True
Suppose 0 = 3*d + 2 + 22. Let c be d/10*(-6)/((-48)/100). Is -14*178/c + (-1)/5 a composite number?
True
Suppose 6*k - 406104 = 4*k. Is ((-1)/((-6)/k))/2 prime?
True
Let b(n) = -n**2 + 10*n - 10. Let c be b(6). Let p(x) = 14*x - 6. Let r be p(c). Let j = r + -41. Is j prime?
True
Let d(y) = 2*y**3 - 6 + 3*y - y + 30*y**2 - 42*y**2. Let j be d(6). Suppose -j*l = -13494 + 1620. Is l composite?
False
Let i(h) = 9001*h - 4297. Is i(18) a composite number?
False
Let v(k) = 2*k**2 - 102*k + 71. Is v(60) a prime number?
True
Let z(y) = -272*y - 9237. Is z(-70) prime?
True
Suppose -2917735 - 1234600 = -32*i - 23*i. Is i prime?
False
Let s(i) be the second derivative of -689*i**3/6 + 13*i**2/2 - 236*i. Let y(a) = a - 4. Let v be y(2). Is s(v) a composite number?
True
Suppose 4 = -62*s + 66*s. Let r be -4 - s - -1 - -4. Suppose r = -60*b + 59*b + 481. Is b prime?
False
Suppose -22844*x - 380885 = -22861*x. Is x a composite number?
True
Let o(v) = 43*v**2 + 27*v - 92. Let x be o(11). Let i = x + -861. Is i composite?
False
Let i(q) = 786*q + 167. Let t be 24 - (-11)/((-77)/(-21)). Is i(t) a prime number?
False
Let m = 25 + -22. Suppose p + 4 = n, -n = m*n + 2*p - 22. Suppose -3*r + 212 = -5*l, 0 = -3*l - 2*l - n. Is r composite?
True
Let k be (-5824)/(-10) + 44/(-110). Let x = 12193 - k. Is x composite?
True
Suppose 7*p + 692 + 13679 = 0. Let g be 2*(-1)/2*(-8 - p). Is (g/(-10))/((-1)/(-2)) composite?
False
Suppose -240506 = -10*y - 3916. Is y composite?
True
Let x be 3/(-1*1/(-1)). Suppose 0 = -4*h + 8, 0*m + 5*m = 5*h. Suppose 4*t - x*t + 5*s = 428, m*s + 1199 = 3*t. Is t composite?
True
Is 144719 + (0/13 - 0) a composite number?
False
Let s(f) = f**3 - 8*f**2 + 5*f + 7. Let v be s(7). Let d(x) = 699*x + 155. Let z(l) =